o) = 5*o**2 + 3*o. Determine t(-4).
68
Let a(t) = 6*t**2 - 22*t + 2. Give a(3).
-10
Let s(g) = g**3 - 14*g**2 + 27*g - 41. What is s(12)?
-5
Let d(c) = 37*c - 1. Determine d(-1).
-38
Let j(b) = -14*b + 5. Determine j(2).
-23
Let v(b) = -18*b - 4. Calculate v(-3).
50
Let y(a) = -8*a**2 + a. Determine y(-1).
-9
Let w(a) = -9*a + 6. Give w(0).
6
Let h(a) = 4*a**2 + 20*a - 1. Calculate h(-5).
-1
Let h(o) = 3*o**2 + 29*o + 65. What is h(-3)?
5
Let g(o) = -4*o + 2. What is g(2)?
-6
Let h(s) = 2*s**2 - 46*s - 48. What is h(24)?
0
Let y(g) = -5*g + 40. What is y(8)?
0
Let j(l) = l**2 + 28. Give j(0).
28
Let u(f) = -f**3 + 8*f**2 - 6. What is u(0)?
-6
Let b(k) = k**3 + 12*k**2 + 8*k - 27. Calculate b(-11).
6
Let w(b) = b**2 - 5*b - 2. Give w(-3).
22
Let h(a) = -15*a + 19. What is h(4)?
-41
Let y(z) = -37*z**2 + 4*z - 3. Determine y(2).
-143
Let a(b) = -b**3 + b**2 + 19*b - 5. Give a(4).
23
Let q(m) = 8*m**2 - 1. Calculate q(-1).
7
Let f(a) = a**2 - 9*a + 19. What is f(6)?
1
Let x(h) = -h**3 - 2*h**2 - h + 43. Calculate x(0).
43
Let m(g) = -3*g**3 - g**2 - 3*g + 4. Determine m(-2).
30
Let b(z) = -z**3 + 15*z**2 + 31*z + 23. Give b(17).
-28
Let l(f) = f**3 - 16*f**2 + 30*f + 12. Calculate l(13).
-105
Let g(u) = u**3 + 3*u**2 - 46*u - 172. Calculate g(-5).
8
Let u(m) = -m**2 - 16*m - 8. Give u(-11).
47
Let h(c) = -c + 7. Determine h(17).
-10
Let x(q) = -q + 5. Give x(0).
5
Let u(c) = -c**3 - 11*c**2 - 19*c - 27. What is u(-11)?
182
Let f(c) = c**3 + 22*c**2 - 22*c + 34. Determine f(-23).
11
Let m(b) = b**2 - 33*b + 24. What is m(32)?
-8
Let c(g) = g**3 + 11*g**2 - 11*g + 13. What is c(-12)?
1
Let r(i) = 2*i**2 - 28*i + 85. Calculate r(9).
-5
Let a(c) = -c - 12. Give a(-6).
-6
Let v(k) = -2*k + 3. What is v(-6)?
15
Let k(z) = -z**3 + 17*z**2 - 2*z + 21. What is k(17)?
-13
Let f(i) = -i - 13. Give f(8).
-21
Let n(v) = -7*v + 5. Calculate n(9).
-58
Let u(w) = 70*w + 283. Calculate u(-4).
3
Let g(u) = -4*u**2 - 8*u - 11. Give g(-2).
-11
Let a(u) = 6*u - 12. Give a(7).
30
Let h(g) = -g**3 - 5*g**2 + 5*g. Determine h(-6).
6
Let t(u) = 4*u + 63. Calculate t(-17).
-5
Let m(y) = -y - 2. Calculate m(-3).
1
Let j(i) = i**3 + 7*i**2 - 14*i - 11. Give j(-8).
37
Let r(a) = a**3 - 5*a**2 - 10*a. Determine r(7).
28
Let p(t) = t**2 + 13*t + 35. Give p(-6).
-7
Let x(k) = -4*k**2 - 27*k - 36. Determine x(-6).
-18
Let s(y) = 3*y - 12. What is s(-5)?
-27
Let d(l) = l**3 + 7*l**2 - 9*l + 17. What is d(-8)?
25
Let w(q) = -q**3 + 2*q**2 + 2*q - 3. Calculate w(3).
-6
Let o(s) = -s**3 + 19*s**2 - 19*s + 35. Determine o(18).
17
Let q(l) = 6*l**2 - 4*l + 1. What is q(2)?
17
Let g(y) = -3*y**3 + 17*y**2 - 8*y + 6. Give g(5).
16
Let s(y) = -2*y**3 + 2*y**2 + 5*y - 4. Determine s(-2).
10
Let f(z) = 2*z - 34. What is f(20)?
6
Let c(x) = 4*x**2 + 5*x + 24. Give c(-6).
138
Let n(c) = c**3 - 11*c**2 - 11*c - 1. What is n(12)?
11
Let o(s) = 10*s + 5. What is o(-2)?
-15
Let r(z) = z**3 - 15*z**2 + 28*z + 48. What is r(12)?
-48
Let q(v) = 11*v + 25. Determine q(5).
80
Let k(z) = -z**3 + 2*z**2 + 11*z - 2. Determine k(4).
10
Let b(f) = 28*f - 148. Determine b(5).
-8
Let a(t) = -21*t + 418. Give a(20).
-2
Let s(c) = 4*c**3 - c**2 + 33*c - 33. What is s(1)?
3
Let o(a) = 3*a + 1. Calculate o(4).
13
Let y(x) = 2*x**3 + 6*x**2 - 7*x - 6. What is y(-5)?
-71
Let c(t) = 21*t + 108. What is c(-6)?
-18
Let n(k) = k**2 - 2*k + 1. Calculate n(1).
0
Let s(w) = 2*w**2 + 24*w + 9. Calculate s(-12).
9
Let w(i) = -3*i - 28. Give w(-6).
-10
Let v(y) = -4*y + 4. Determine v(7).
-24
Let d(z) = z**3 - 8*z**2 - 25*z + 135. What is d(9)?
-9
Let a(q) = -q**3 + 7*q**2 + 7*q - 10. What is a(8)?
-18
Let p(y) = -y**2 + 2*y - 3. Give p(7).
-38
Let t(p) = p**3 - 25*p**2 - p + 21. Give t(25).
-4
Let j(d) = 7*d**3 - 119*d**2 + 17. What is j(17)?
17
Let s(p) = -2*p**2 - 3*p + 20. Give s(-4).
0
Let q(s) = -9*s - 77. Give q(-14).
49
Let m(h) = -h**3 - 7*h**2 - h + 10. Give m(-7).
17
Let h(c) = 4*c + 1. Determine h(-1).
-3
Let u(m) = 2*m + 15. Give u(7).
29
Let n(q) = q**3 - 10*q**2 - 2*q + 14. Calculate n(10).
-6
Let l(h) = -h**2 - 11*h + 84. Determine l(-16).
4
Let v(x) = -x**3 - 6*x**2 - 2*x + 22. Give v(-5).
7
Let w(z) = z**3 - 39*z**2 - 8*z - 1286. Determine w(40).
-6
Let j(k) = 9*k**2 - 3*k - 2. Give j(3).
70
Let h(k) = 8*k + 110. What is h(-15)?
-10
Let d(s) = -s**2 + 3*s + 15. What is d(-2)?
5
Let t(g) = -g**3 - 7*g**2 - 2*g - 5. Determine t(-7).
9
Let r(s) = s**3 + 11*s**2 + 11*s - 7. Determine r(-10).
-17
Let s(l) = 8*l**2 - 8*l + 7. Calculate s(2).
23
Let b(l) = -3*l - 26. Determine b(-9).
1
Let w(f) = 6*f - 1. What is w(5)?
29
Let b(k) = -k**3 + 32*k**2 - 34*k - 1. Determine b(31).
-94
Let t(z) = -2*z**3 - 2*z**2 - 5*z - 3. Calculate t(-1).
2
Let v(o) = -10*o + 2. Calculate v(1).
-8
Let w(k) = 3*k - 21. Determine w(9).
6
Let y(h) = -h**3 + 20*h**2 - 20*h + 17. What is y(19)?
-2
Let v(s) = -36*s - 4. Calculate v(2).
-76
Let n(j) = j**2 + 2*j. Calculate n(-8).
48
Let z(t) = 2*t**2 - 22*t + 15. Determine z(11).
15
Let z(q) = -7*q**2 + 88*q - 17. Give z(13).
-56
Let i(r) = r**3 + 8*r**2 + 11*r + 12. Determine i(-6).
18
Let n(u) = 2*u - 9. Give n(-3).
-15
Let j(g) = 11*g - 9. Calculate j(6).
57
Let b(r) = -r + 12. Determine b(7).
5
Let x(w) = -w**3 - 39*w**2 - 107*w + 63. Determine x(-36).
27
Let r(x) = -x**3 - 7*x**2 - x + 1. What is r(-2)?
-17
Let y(i) = 2*i**3 - 7*i**2 - 3*i - 8. Give y(4).
-4
Let x(b) = -b**2 - 33*b + 123. Determine x(-36).
15
Let y(w) = -6*w**3 - w**2 + 17*w + 17. What is y(-1)?
5
Let s(t) = 2*t**3 - 24*t**2 - 26*t + 14. Give s(13).
14
Let r(y) = -y**3 + 5*y**2 + y - 10. Give r(5).
-5
Let h(z) = -7*z**3 + z + 2. Determine h(2).
-52
Let t(u) = u**3 + 9*u**2 + 4*u + 10. What is t(-9)?
-26
Let y(k) = -k**3 + 8*k**2 + 3*k - 4. Give y(6).
86
Let f(w) = -4*w + 35. Give f(30).
-85
Let p(y) = 4*y - 25. Determine p(-23).
-117
Let m(q) = -q**2 + 5*q - 9. What is m(7)?
-23
Let u(l) = l**3 + 4*l**2 - 10*l + 2. Calculate u(-6).
-10
Let y(o) = -o**3 + 8*o**2 - 4. Determine y(8).
-4
Let m(f) = -32*f + 3. What is m(1)?
-29
Let n(r) = r**2 - 11*r + 19. Give n(7).
-9
Let o(j) = -2*j**3 - 4*j**2 - 2*j + 1. What is o(-3)?
25
Let u(w) = w**3 - 2*w**2 + 5*w - 2. What is u(2)?
8
Let g(z) = -14*z + 8. Determine g(-5).
78
Let y(w) = w + 17. Give y(-5).
12
Let o(u) = u**3 - 15*u**2 - 2*u - 17. What is o(15)?
-47
Let b(j) = -j**3 - 2*j**2 + 26*j - 20. Give b(5).
-65
Let i(x) = -112*x + 553. Give i(5).
-7
Let f(p) = -2*p**2 + 3*p - 3. Calculate f(2).
-5
Let x(h) = -21*h**3 + 2*h + 3. Give x(-1).
22
Let y(v) = v**2 - 6*v + 11. Calculate y(5).
6
Let t(c) = c**3 - 15*c**2 + 24*c + 31. What is t(13)?
5
Let u(i) = -i**2 + 11*i + 14. Determine u(10).
24
Let a(s) = 52*s - 160. Give a(3).
-4
Let q(n) = -58*n**2 - 2*n - 1. What is q(-1)?
-57
Let b(u) = -u**3 + 16*u**2 + 38*u - 31. What is b(18)?
5
Let l(s) = 17*s - 42. Determine l(4).
26
Let l(r) = 2*r + 7. What is l(5)?
17
Let g(i) = -i**3 - 5*i**2 - 4*i + 3. What is g(-4)?
3
Let p(f) = -3*f - 3. Calculate p(-2).
3
Let p(k) = -k**3 - 14*k**2 - 9. What is p(-14)?
-9
Let r(t) = 2*t**3 - 94*t**2 + 3*t - 137. Calculate r(47).
4
Let n(c) = -c**2 + 3*c. Calculate n(3).
0
Let b(z) = z**3 + 14*z**2 + 5*z - 2. What is b(-13)?
102
Let c(w) = -w**2 + 27*w - 180. Give c(10).
-10
Let v(k) = -k**2 - 6*k + 12. What is v(-11)?
-43
Let t(n) = -n**3 - 28*n**2 - 115*n + 5. What is t(-23)?
5
Let x(a) = -14*a + 126. Give x(9).
0
Let l(o) = o**3 - 13*o**2 + 24*o - 27. Calculate l(11).
-5
Let r(z) = 4*z - 57. Give r(21).
27
Let m(f) = -2*f + 19. Calculate m(8).
3
Let o(d) = 4*d + 10. Calculate o(-4).
-6
Let m(g) = -g**3 - 10*g**2 + g - 14. Calculate m(-10).
-24
Let q(c) = c**3 - 8*c**2 + 6*c - 17. Determine q(7).
-24
Let u(b) = b**3 - b**2 - b - 24. Calculate u(0).
-24
Let n(r) = r**3 - 3*r**2 - 2*r - 3. What is n(4)?
5
Let m(c) = -5*c**3 + 18*c + 17. Determine m(-1).
4
Let v(g) = g**2 - g - 10. What is v(5)?
10
Let p(h) = h**3 + 3*h**2 + 3*h + 6. What is p(-4)?
-22
Let u(c) = 4*c - 8. Calculate u(9).
28
Let g(j) = 2*j**2 + 10*j - 9. Calculate g(-5).
-9
Let t(f) = f**3 - 10*f**2 + 10*f - 7. Give t(9).
2
Let v(b) = -b**2 - 6*b + 7. Determine v(2).
-9
Let i(k) = k**3 - 11*k**2 + 9*k + 11. Determine i(10).
1
Let w(v) = -v**2 + 5*v + 4. Calculate w(5).
4
Let f(j) = -j**3 + 27*j**2 + 55*j + 97. Calculate f(2